{"id":94,"date":"2024-01-17T12:38:16","date_gmt":"2024-01-17T12:38:16","guid":{"rendered":"https:\/\/blaues-kreuz-pfalz.de\/?page_id=94"},"modified":"2024-01-17T12:38:17","modified_gmt":"2024-01-17T12:38:17","slug":"pfarrer-ernest-dawe-stiftung","status":"publish","type":"page","link":"https:\/\/blaues-kreuz-pfalz.de\/?page_id=94","title":{"rendered":"Pfarrer-Ernest-Dawe-Stiftung"},"content":{"rendered":"\n<figure class=\"wp-block-image size-full\"><img loading=\"lazy\" decoding=\"async\" width=\"269\" height=\"376\" src=\"https:\/\/blaues-kreuz-pfalz.de\/wp-content\/uploads\/2024\/01\/Dawe.png\" alt=\"\" class=\"wp-image-95\" srcset=\"https:\/\/blaues-kreuz-pfalz.de\/wp-content\/uploads\/2024\/01\/Dawe.png 269w, https:\/\/blaues-kreuz-pfalz.de\/wp-content\/uploads\/2024\/01\/Dawe-215x300.png 215w\" sizes=\"auto, (max-width: 269px) 100vw, 269px\" \/><\/figure>\n\n\n\n<p><strong>Das Blaue Kreuz Ludwigshafen e.V. w\u00fcrdigt mit der Gr\u00fcndung der<\/strong> <br><strong>Pfarrer-Ernest-Dawe-Stiftung<\/strong><br><strong>das Lebenswerk von<\/strong> <strong>Pfarrer Ernest Dawe<\/strong><\/p>\n\n\n\n<p>\u00dcber viele Jahre war er als Pfarrer in Ludwigshafen t\u00e4tig und als Seelsorger in vielf\u00e4ltiger Weise aktiv und geachtet. Sein Leben war gepr\u00e4gt von christlicher N\u00e4chstenliebe und G\u00fcte gegen\u00fcber allen Menschen.<br>In besonderer Weise hat er sich in der Suchtkrankenhilfe in der Pfalz gro\u00dfe Verdienste erworben.\u00a0<br>Ein besonderer Dank gilt seiner in England lebenden Familie, durch deren gro\u00dfz\u00fcgigen Verzicht und \u00dcberlassung des Erbes diese Stiftung erm\u00f6glicht wurde. Wir w\u00fcrdigen dies als gro\u00dfe Anerkennung des Lebenswerkes von Ernest Dawe und wollen dies in seinem Sinne weiterf\u00fchren.<br>F\u00fcr die Arbeit der Stiftung bitten wir um Gottes Segen und Geleit.<\/p>\n\n\n\n<p><strong>Durch die Pfarrer-Ernest-Dawe-Stiftung k\u00f6nnen gef\u00f6rdert werden:<\/strong><\/p>\n\n\n\n<ul class=\"wp-block-list\">\n<li><strong>Einzelpersonen in wirtschaftlichen Notlagen<\/strong><\/li>\n\n\n\n<li><strong>Selbsthilfegruppen<\/strong><\/li>\n\n\n\n<li><strong>Projekte im Bereich der Suchtkrankenhilfe<\/strong><\/li>\n\n\n\n<li><strong>Fort- und Weiterbildungsma\u00dfnahmen im Bereich der Selbsthilfegruppen<\/strong><\/li>\n\n\n\n<li><strong>Institutionen, die in der Suchtkrankenhilfe t\u00e4tig sind<\/strong><\/li>\n<\/ul>\n","protected":false},"excerpt":{"rendered":"<p>Das Blaue Kreuz Ludwigshafen e.V. w\u00fcrdigt mit der Gr\u00fcndung der Pfarrer-Ernest-Dawe-Stiftungdas Lebenswerk von Pfarrer Ernest Dawe \u00dcber viele Jahre war er als Pfarrer in Ludwigshafen t\u00e4tig und als Seelsorger in vielf\u00e4ltiger Weise aktiv und geachtet. Sein Leben war gepr\u00e4gt von christlicher N\u00e4chstenliebe und G\u00fcte gegen\u00fcber allen Menschen.In besonderer Weise hat er sich in der Suchtkrankenhilfe [&hellip;]<\/p>\n","protected":false},"author":1,"featured_media":0,"parent":0,"menu_order":0,"comment_status":"closed","ping_status":"closed","template":"","meta":{"footnotes":""},"class_list":["post-94","page","type-page","status-publish","hentry","post"],"_links":{"self":[{"href":"https:\/\/blaues-kreuz-pfalz.de\/index.php?rest_route=\/wp\/v2\/pages\/94","targetHints":{"allow":["GET"]}}],"collection":[{"href":"https:\/\/blaues-kreuz-pfalz.de\/index.php?rest_route=\/wp\/v2\/pages"}],"about":[{"href":"https:\/\/blaues-kreuz-pfalz.de\/index.php?rest_route=\/wp\/v2\/types\/page"}],"author":[{"embeddable":true,"href":"https:\/\/blaues-kreuz-pfalz.de\/index.php?rest_route=\/wp\/v2\/users\/1"}],"replies":[{"embeddable":true,"href":"https:\/\/blaues-kreuz-pfalz.de\/index.php?rest_route=%2Fwp%2Fv2%2Fcomments&post=94"}],"version-history":[{"count":1,"href":"https:\/\/blaues-kreuz-pfalz.de\/index.php?rest_route=\/wp\/v2\/pages\/94\/revisions"}],"predecessor-version":[{"id":96,"href":"https:\/\/blaues-kreuz-pfalz.de\/index.php?rest_route=\/wp\/v2\/pages\/94\/revisions\/96"}],"wp:attachment":[{"href":"https:\/\/blaues-kreuz-pfalz.de\/index.php?rest_route=%2Fwp%2Fv2%2Fmedia&parent=94"}],"curies":[{"name":"wp","href":"https:\/\/api.w.org\/{rel}","templated":true}]}}