{"id":52,"date":"2024-01-17T10:06:27","date_gmt":"2024-01-17T10:06:27","guid":{"rendered":"https:\/\/blaues-kreuz-pfalz.de\/?page_id=52"},"modified":"2025-02-04T03:01:14","modified_gmt":"2025-02-04T03:01:14","slug":"bk-frankenthal","status":"publish","type":"page","link":"https:\/\/blaues-kreuz-pfalz.de\/?page_id=52","title":{"rendered":"BK Frankenthal"},"content":{"rendered":"\n<p class=\"has-text-align-center has-vivid-cyan-blue-color has-text-color has-link-color has-x-large-font-size wp-elements-701f3b90eedece60e7f5a738486f2859\"><strong>Befreit leben lernen!<\/strong><\/p>\n\n\n\n<p class=\"has-text-align-center\"><\/p>\n\n\n\n<figure class=\"wp-block-image size-full\"><img loading=\"lazy\" decoding=\"async\" width=\"821\" height=\"343\" src=\"https:\/\/blaues-kreuz-pfalz.de\/wp-content\/uploads\/2024\/01\/FT.jpg\" alt=\"\" class=\"wp-image-65\" srcset=\"https:\/\/blaues-kreuz-pfalz.de\/wp-content\/uploads\/2024\/01\/FT.jpg 821w, https:\/\/blaues-kreuz-pfalz.de\/wp-content\/uploads\/2024\/01\/FT-300x125.jpg 300w, https:\/\/blaues-kreuz-pfalz.de\/wp-content\/uploads\/2024\/01\/FT-768x321.jpg 768w\" sizes=\"auto, (max-width: 821px) 100vw, 821px\" \/><\/figure>\n\n\n\n<p><strong>&nbsp;&nbsp;&nbsp;&nbsp;&nbsp;&nbsp;<\/strong><\/p>\n\n\n\n<p class=\"has-text-align-center has-medium-font-size\">So sind wir erreichbar:<\/p>\n\n\n\n<div class=\"wp-block-columns is-layout-flex wp-container-core-columns-is-layout-9d6595d7 wp-block-columns-is-layout-flex\">\n<div class=\"wp-block-column is-layout-flow wp-block-column-is-layout-flow\" style=\"flex-basis:100%\">\n<figure class=\"wp-block-table\"><table class=\"has-fixed-layout\"><tbody><tr><td class=\"has-text-align-center\" data-align=\"center\"><strong>FREUNDESKREIS Blaues Kreuz<\/strong><br>Gruppenr\u00e4ume: 67227 Frankenthal, Bahnhofstrasse 38<br><br>Mobil: 0155-60147327\u00a0\u00a0(Bitte nur Sprachnachrichten \/ SMS \/ WhatsApp \u2013 <br>wir rufen zeitnahe zur\u00fcck)<br>E-Mail:\u00a0<a href=\"mailto:BK-FT@Blaues-kreuz-pfalz.de\">BK-FT@Blaues-kreuz-pfalz.de<\/a><\/td><\/tr><tr><td class=\"has-text-align-center\" data-align=\"center\">Oder<br><strong>Beratungsstelle Fachstelle Sucht Frankenthal<\/strong><br>Bahnhofstra\u00dfe 38<br>67227 Frankenthal<br>Tel. 06233 900-10 (Zentrale)<br>E-Mail: <a href=\"mailto:Suchtberatung@skh-ft.de\">Suchtberatung@skh-ft.de<\/a>\u00a0<\/td><\/tr><\/tbody><\/table><\/figure>\n\n\n\n<h2 class=\"wp-block-heading has-text-align-center\">Komm\u00b4 einfach vorbei, schreibe uns eine Mail <br>oder ruf an!<br>Unsere Angebote&nbsp;<\/h2>\n<\/div>\n<\/div>\n\n\n\n<figure class=\"wp-block-table\"><table class=\"has-fixed-layout\"><tbody><tr><td class=\"has-text-align-center\" data-align=\"center\"><strong>Gruppe<\/strong><\/td><td class=\"has-text-align-center\" data-align=\"center\"><strong>Thema<\/strong><\/td><td class=\"has-text-align-center\" data-align=\"center\"><strong>Termine<\/strong><\/td><\/tr><tr><td class=\"has-text-align-center\" data-align=\"center\">Freundeskreis<br>Selbsthilfegruppe<\/td><td class=\"has-text-align-center\" data-align=\"center\">Alkohol, Medikamente, Spielsucht und andere<\/td><td class=\"has-text-align-center\" data-align=\"center\">Montag&nbsp;<br>18:00 \u2013 19:30 Uhr 14-t\u00e4gig<br>gerade Kalenderwochen<\/td><\/tr><tr><td class=\"has-text-align-center\" data-align=\"center\">Freundeskreis<br>Angeh\u00f6rige-Selbsthilfegruppe<\/td><td class=\"has-text-align-center\" data-align=\"center\">Angeh\u00f6rige \/ Personen aus dem Umfeld des Suchtkranken<\/td><td class=\"has-text-align-center\" data-align=\"center\">Dienstag&nbsp;<br>18:30 \u2013 20:30 Uhr 14-t\u00e4gig bzw. nach Vereinbarung<\/td><\/tr><tr><td class=\"has-text-align-center\" data-align=\"center\">Freundeskreis<br>Motivationsgruppe<\/td><td class=\"has-text-align-center\" data-align=\"center\">Betroffene\/Suchtkranke<\/td><td class=\"has-text-align-center\" data-align=\"center\">Dienstag<br>18:30 \u2013 20:30 Uhr w\u00f6chentlich<\/td><\/tr><tr><td class=\"has-text-align-center\" data-align=\"center\">Freundeskreis<br>Selbsthilfegruppe<\/td><td class=\"has-text-align-center\" data-align=\"center\">Alkohol, Medikamente, Spielsucht und andere<\/td><td class=\"has-text-align-center\" data-align=\"center\">Mittwoch<br>18:00 \u2013 20:00 Uhr w\u00f6chentlich<\/td><\/tr><tr><td class=\"has-text-align-center\" data-align=\"center\">Freundeskreis&nbsp;<br>Selbsthilfegruppe <br>f\u00fcr Frauen<\/td><td class=\"has-text-align-center\" data-align=\"center\">Betroffene Frauen&nbsp;<br>Alkohol, Medikamente, Spielsucht und andere<\/td><td class=\"has-text-align-center\" data-align=\"center\">Mittwoch<br>09:45 -11:15 Uhr 14-t\u00e4gig <br>gerade Kalenderwochen<\/td><\/tr><\/tbody><\/table><figcaption class=\"wp-element-caption\">F\u00fcr unsere Treffen nutzen wir das Raumangebot der Beratungsstelle Fachstelle Sucht der Stadtklinik Frankenthal.&nbsp;<br>Die Gruppenr\u00e4ume befinden sich im 1. OG, die Suchtberatungsstelle befindet sich im 2. OG in der Bahnhofstr. 38.<\/figcaption><\/figure>\n\n\n\n<h2 class=\"wp-block-heading\">* Verschwiegenheit * Respekt * Miteinander *<\/h2>\n\n\n\n<ul class=\"wp-block-list\">\n<li>Regelm\u00e4\u00dfige Teilnahme an den Gruppentreffen ist uns sehr wichtig<\/li>\n\n\n\n<li>Wir sprechen in ICH \u2013 Form, wir sprechen miteinander und nicht \u00fcbereinander<\/li>\n\n\n\n<li>Was in der Gruppe besprochen wird, bleibt in diesem Rahmen (Schweigepflicht)<\/li>\n\n\n\n<li>St\u00f6rungen haben Vorrang<\/li>\n\n\n\n<li>Wir schenken unserem Gegen\u00fcber Aufmerksamkeit und Wertsch\u00e4tzung und nehmen den anderen wirklich ernst.&nbsp;<\/li>\n<\/ul>\n\n\n\n<p>Die Selbsthilfegruppen des Blaukreuz \u2013 Freundeskreises arbeiten einvernehmlich mit der Fachstelle Sucht der Stadtklinik Frankenthal, zusammen.<\/p>\n\n\n\n<p>Die Gruppenleiterinnen und Gruppenleiter der Selbsthilfegruppen im Blau-Kreuz Freundeskreis haben eine Ausbildung zur Suchtkrankenhelferin bzw. -helfer absolviert und nehmen regelm\u00e4\u00dfig an Fortbildungsveranstaltungen teil.<\/p>\n\n\n\n<p>Der Zust\u00e4ndigkeitsbereich der Beratungsstelle und der Freundeskreis-Gruppen umfasst die Kreisfreie Stadt Frankenthal und den n\u00f6rdlichen Rhein-Pfalz-Kreis mit insgesamt ca. 80 000 Einwohnern.<\/p>\n\n\n\n<p>Die Zusammenarbeit mit der Stadtklinik Frankenthal erlaubt einen reibungslosen Ablauf zwischen der Erst- und der Weiterbehandlung des Suchtkranken, da hier die ersten Kontakte hergestellt werden k\u00f6nnen. Die Entgiftungsbehandlung im Krankenhaus ist oft der erste Schritt in die Rehabilitation.<\/p>\n\n\n\n<p>Freundeskreisarbeit ist nicht konfessionell gebunden und kennt keine (schriftliche) Verpflichtung zur Abstinenz. Vielmehr soll der Schritt in ein abstinentes Leben aufgrund einer freien Entscheidung des Betroffenen und seiner Angeh\u00f6rigen geschehen. Der Freundeskreis bietet im gesch\u00fctzten Rahmen der Selbsthilfegruppe eine Starthilfe in ein suchtmittelfreies Leben. Es sind \u201eMenschen wie Du und Ich\u201c, mit denen wir gemeinsam einen Teil des Lebensweges gehen, dabei Entwicklung und Akzeptanz erleben.<\/p>\n\n\n\n<p>Die Gruppe kann zur Lebensgemeinschaft werden, \u201ehier finden wir Freunde, da gehen wir wieder hin und bleiben zusammen, denn wir haben das gleiche Ziel. Wir entdecken neue Horizonte und erfahren, dass das Leben jenseits des Suchtmittels wieder lebenswert ist\u2026\u201c<\/p>\n\n\n\n<p>Die Freundeskreis-Mitglieder treffen sich nicht nur zu den Gruppenstunden. <a href=\"https:\/\/blaues-kreuz-pfalz.de\/?page_id=572\" target=\"_blank\" rel=\"noreferrer noopener\">Gemeinsame&nbsp;Freizeitaktivit\u00e4ten<\/a>&nbsp;wie Kegeln, Ausfl\u00fcge, Wanderungen, Fahrradtouren, Grillfeste, Weihnachtsfeiern, Abendmahlfeiern, gemeinsame Gruppenabende mit Small-Talk und Kaffeetrinken sowie spontane Aktionen und Veranstaltungen sind sehr beliebt und finden gro\u00dfen Anklang. Eine gute Gelegenheit um sich besser kennen zu lernen und miteinander zu \u00fcben, Freizeit und Geselligkeit, ohne die \u201eKr\u00fccke\u201c Suchtmittel zu gestalten. Die Termine werden immer rechtzeitig auf der Infotafel und durch das Mitarbeiterteam in den Gruppenstunden angek\u00fcndigt.<\/p>\n\n\n\n<p><strong>Herausgeber: Freundeskreis Blaues Kreuz e.V., Sucht-Selbsthilfe Frankenthal, 67227 Frankenthal<\/strong><\/p>\n\n\n\n<p><strong>Verantwortlich f\u00fcr den Inhalt:<\/strong> <br>Freundeskreis Frankenthal, das Mitarbeiterteam der Sucht-Selbsthilfe.<\/p>\n\n\n\n<p>Copyright \u00a9 Freundeskreis Frankenthal<\/p>\n\n\n\n<p>Rechtliche Hinweise:&nbsp;Der Freundeskreis Frankenthal ist bem\u00fcht, auf der Webseite zeitnah richtige und aktuelle Informationen bereitzustellen, diese bei Bedarf laufend und ohne vorherige Ank\u00fcndigungen zu \u00e4ndern oder zu erg\u00e4nzen.<\/p>\n\n\n\n<p>F\u00fcr die Korrektheit, Aktualit\u00e4t und Vollst\u00e4ndigkeit wird jedoch keine Haftung \u00fcbernommen. Der Freundeskreis Frankenthal \u00fcbernimmt keinerlei Haftung f\u00fcr die Verwendung der auf der Webseite ver\u00f6ffentlichten Publikationen oder deren Inhalte. Weder die Ver\u00f6ffentlichung noch ihr Inhalt oder eine Kopie dieser Ver\u00f6ffentlichung darf ohne vorherige ausschlie\u00dfliche Erlaubnis auf irgendeine Art ver\u00e4ndert oder an Dritte verteilt oder \u00fcbermittelt werden. Eine entgeltliche Weitergabe der Inhalte unserer Seite an Dritte ist ebenfalls nicht gestattet. Alle Grafiken insbesondere das Logo, d\u00fcrfen nicht ohne Quellverweis bzw. schriftliche Genehmigung des Urhebers weiterverwendet oder publiziert werden. Nach dem Urheberrechtgesetz hat allein der Ersteller das Recht, \u00fcber die Verwendung und Verbreitung seines Werkes zu bestimmen. Ohne ausdr\u00fcckliche Zustimmung d\u00fcrfen grunds\u00e4tzlich keine Grafikdateien der Freundeskreis Frankenthal Webseite zur Verwendung auf anderen Websites \u00fcbernommen werden.<\/p>\n","protected":false},"excerpt":{"rendered":"<p>Befreit leben lernen! &nbsp;&nbsp;&nbsp;&nbsp;&nbsp;&nbsp; So sind wir erreichbar: FREUNDESKREIS Blaues KreuzGruppenr\u00e4ume: 67227 Frankenthal, Bahnhofstrasse 38 Mobil: 0155-60147327\u00a0\u00a0(Bitte nur Sprachnachrichten \/ SMS \/ WhatsApp \u2013 wir rufen zeitnahe zur\u00fcck)E-Mail:\u00a0BK-FT@Blaues-kreuz-pfalz.de OderBeratungsstelle Fachstelle Sucht FrankenthalBahnhofstra\u00dfe 3867227 FrankenthalTel. 06233 900-10 (Zentrale)E-Mail: Suchtberatung@skh-ft.de\u00a0 Komm\u00b4 einfach vorbei, schreibe uns eine Mail oder ruf an!Unsere Angebote&nbsp; Gruppe Thema Termine FreundeskreisSelbsthilfegruppe Alkohol, Medikamente, [&hellip;]<\/p>\n","protected":false},"author":1,"featured_media":0,"parent":0,"menu_order":0,"comment_status":"closed","ping_status":"closed","template":"","meta":{"footnotes":""},"class_list":["post-52","page","type-page","status-publish","hentry","post"],"_links":{"self":[{"href":"https:\/\/blaues-kreuz-pfalz.de\/index.php?rest_route=\/wp\/v2\/pages\/52","targetHints":{"allow":["GET"]}}],"collection":[{"href":"https:\/\/blaues-kreuz-pfalz.de\/index.php?rest_route=\/wp\/v2\/pages"}],"about":[{"href":"https:\/\/blaues-kreuz-pfalz.de\/index.php?rest_route=\/wp\/v2\/types\/page"}],"author":[{"embeddable":true,"href":"https:\/\/blaues-kreuz-pfalz.de\/index.php?rest_route=\/wp\/v2\/users\/1"}],"replies":[{"embeddable":true,"href":"https:\/\/blaues-kreuz-pfalz.de\/index.php?rest_route=%2Fwp%2Fv2%2Fcomments&post=52"}],"version-history":[{"count":25,"href":"https:\/\/blaues-kreuz-pfalz.de\/index.php?rest_route=\/wp\/v2\/pages\/52\/revisions"}],"predecessor-version":[{"id":633,"href":"https:\/\/blaues-kreuz-pfalz.de\/index.php?rest_route=\/wp\/v2\/pages\/52\/revisions\/633"}],"wp:attachment":[{"href":"https:\/\/blaues-kreuz-pfalz.de\/index.php?rest_route=%2Fwp%2Fv2%2Fmedia&parent=52"}],"curies":[{"name":"wp","href":"https:\/\/api.w.org\/{rel}","templated":true}]}}