{"id":1060,"date":"2026-05-13T09:04:40","date_gmt":"2026-05-13T09:04:40","guid":{"rendered":"https:\/\/blaues-kreuz-pfalz.de\/?page_id=1060"},"modified":"2026-05-13T09:19:06","modified_gmt":"2026-05-13T09:19:06","slug":"publikationen","status":"publish","type":"page","link":"https:\/\/blaues-kreuz-pfalz.de\/?page_id=1060","title":{"rendered":"Publikationen"},"content":{"rendered":"\n<p>Hier finden Sie alles, was wir an gedrucktem Material f\u00fcr Sie bereithalten:<\/p>\n\n\n\n<p><a href=\"https:\/\/blaues-kreuz-pfalz.de\/?page_id=130\" data-type=\"page\" data-id=\"130\" target=\"_blank\" rel=\"noreferrer noopener\">Verbandszeitschrift &#8222;WIR&#8220;<\/a><\/p>\n\n\n\n<p><a href=\"https:\/\/blaues-kreuz-pfalz.de\/?page_id=928\" data-type=\"page\" data-id=\"928\" target=\"_blank\" rel=\"noreferrer noopener\">Schutzkonzept <\/a><\/p>\n\n\n\n<p><a href=\"https:\/\/blaues-kreuz-pfalz.de\/?page_id=983\" data-type=\"page\" data-id=\"983\" target=\"_blank\" rel=\"noreferrer noopener\">Anmeldekarte f\u00fcr Veranstaltungen<\/a><\/p>\n\n\n\n<p><a href=\"https:\/\/blaues-kreuz-pfalz.de\/?page_id=535\" data-type=\"page\" data-id=\"535\" target=\"_blank\" rel=\"noreferrer noopener\">Aufnahmeantrag<\/a><\/p>\n\n\n\n<p><a href=\"https:\/\/blaues-kreuz-pfalz.de\/wp-content\/uploads\/2025\/12\/Wegweiser-2026druck.pdf\" target=\"_blank\" rel=\"noreferrer noopener\">Wegweiser (Termin\u00fcbersicht 2026 und Adressen)<\/a><\/p>\n\n\n\n<p><a href=\"https:\/\/blaues-kreuz-pfalz.de\/?page_id=342\" data-type=\"page\" data-id=\"342\" target=\"_blank\" rel=\"noreferrer noopener\">Satzung<\/a><\/p>\n\n\n\n<p><\/p>\n","protected":false},"excerpt":{"rendered":"<p>Hier finden Sie alles, was wir an gedrucktem Material f\u00fcr Sie bereithalten: Verbandszeitschrift &#8222;WIR&#8220; Schutzkonzept Anmeldekarte f\u00fcr Veranstaltungen Aufnahmeantrag Wegweiser (Termin\u00fcbersicht 2026 und Adressen) Satzung<\/p>\n","protected":false},"author":1,"featured_media":0,"parent":0,"menu_order":0,"comment_status":"closed","ping_status":"closed","template":"","meta":{"_mc_calendar":[],"footnotes":""},"class_list":["post-1060","page","type-page","status-publish","hentry","post"],"_links":{"self":[{"href":"https:\/\/blaues-kreuz-pfalz.de\/index.php?rest_route=\/wp\/v2\/pages\/1060","targetHints":{"allow":["GET"]}}],"collection":[{"href":"https:\/\/blaues-kreuz-pfalz.de\/index.php?rest_route=\/wp\/v2\/pages"}],"about":[{"href":"https:\/\/blaues-kreuz-pfalz.de\/index.php?rest_route=\/wp\/v2\/types\/page"}],"author":[{"embeddable":true,"href":"https:\/\/blaues-kreuz-pfalz.de\/index.php?rest_route=\/wp\/v2\/users\/1"}],"replies":[{"embeddable":true,"href":"https:\/\/blaues-kreuz-pfalz.de\/index.php?rest_route=%2Fwp%2Fv2%2Fcomments&post=1060"}],"version-history":[{"count":4,"href":"https:\/\/blaues-kreuz-pfalz.de\/index.php?rest_route=\/wp\/v2\/pages\/1060\/revisions"}],"predecessor-version":[{"id":1066,"href":"https:\/\/blaues-kreuz-pfalz.de\/index.php?rest_route=\/wp\/v2\/pages\/1060\/revisions\/1066"}],"wp:attachment":[{"href":"https:\/\/blaues-kreuz-pfalz.de\/index.php?rest_route=%2Fwp%2Fv2%2Fmedia&parent=1060"}],"curies":[{"name":"wp","href":"https:\/\/api.w.org\/{rel}","templated":true}]}}