{"id":1044,"date":"2026-05-12T07:48:31","date_gmt":"2026-05-12T07:48:31","guid":{"rendered":"https:\/\/blaues-kreuz-pfalz.de\/?page_id=1044"},"modified":"2026-05-12T07:49:20","modified_gmt":"2026-05-12T07:49:20","slug":"dak-gesundheit-in-landau-den-freundeskreis-blaues-kreuz","status":"publish","type":"page","link":"https:\/\/blaues-kreuz-pfalz.de\/?page_id=1044","title":{"rendered":"DAK-Gesundheit in Landau unterst\u00fctzt den Freundeskreis Blaues Kreuz"},"content":{"rendered":"<p><img loading=\"lazy\" decoding=\"async\" class=\"alignnone  wp-image-1045\" src=\"https:\/\/blaues-kreuz-pfalz.de\/wp-content\/uploads\/2026\/05\/DAK-257x300.png\" alt=\"\" width=\"381\" height=\"445\" srcset=\"https:\/\/blaues-kreuz-pfalz.de\/wp-content\/uploads\/2026\/05\/DAK-257x300.png 257w, https:\/\/blaues-kreuz-pfalz.de\/wp-content\/uploads\/2026\/05\/DAK.png 451w\" sizes=\"auto, (max-width: 381px) 100vw, 381px\" \/><\/p>\n<p>v.l.n.r.: Melanie Foos (DAK-Chefin), Rainer Hehl (Blaues Kreuz Landau), Alisa Schell (DAK)<\/p>\n<p style=\"font-weight: 400;\"><strong>Geldspritze f\u00fcr einen guten Zweck: Die DAK-Gesundheit in Landau unterst\u00fctzt die Arbeit der Selbsthilfegruppe Freundeskreis Blaues Kreuz in Landau mit 1359,00 Euro. Mit der F\u00f6rderung der Krankenkasse m\u00f6chte die Selbsthilfegruppe ihr erfolgreiches Projekt \u201eBlaue Huddel\u201c Pr\u00e4ventionsarbeit auf Weinfesten und in Schulen fortf\u00fchren.<\/strong><\/p>\n<p style=\"font-weight: 400;\">\u201eWir freuen uns sehr \u00fcber diese Unterst\u00fctzung und danken der DAK-Gesundheit\u201c, sagt Rainer Hehl vom Freundeskreis Blaues Kreuz Landau. Einer Studie zufolge sehen rund 90 Prozent der Deutschen Selbsthilfegruppen als sinnvolle Erg\u00e4nzung zur \u00e4rztlichen Behandlung. \u201eZum Gesundwerden und Gesundbleiben ist der Erfahrungsaustausch untereinander sehr wichtig\u201c, sagt Melanie Foos, Chefin der DAK-Gesundheit in Landau. \u201eF\u00fcr uns ist die F\u00f6rderung der gesundheitsbezogenen Selbsthilfe mehr als nur eine gesetzliche Aufgabe.\u201c Gerade f\u00fcr Betroffene mit seltenen oder sehr langwierigen Erkrankungen sei es schwierig, verst\u00e4ndnisvolle Gespr\u00e4chspartner au\u00dferhalb der Familie zu finden. \u201eDeshalb informieren unsere Kundenberater im Krankheitsfall \u00fcber regionale Angebote\u201c, so Foos.<\/p>\n<p style=\"font-weight: 400;\"><strong>100.000 Selbsthilfegruppen in Deutschland<\/strong><\/p>\n<p style=\"font-weight: 400;\">Etwa 3,5 Millionen Menschen haben sich bundesweit in fast 100.000 Selbsthilfegruppen zusammengeschlossen. In vielen St\u00e4dten und Regionen gibt es Selbsthilfekontaktstellen, die einen \u00dcberblick \u00fcber die Angebote zu einzelnen Erkrankungen oder Behinderungen bieten. Bundesweit f\u00f6rdert die DAK-Gesundheit j\u00e4hrlich \u00fcber 5.000 \u00f6rtliche Selbsthilfegruppen. F\u00fcr diese ist bei konkreten Projektvorhaben das \u00f6rtliche Servicezentrum der richtige Ansprechpartner. Beim Wunsch nach pauschaler F\u00f6rderung ist hingegen der Verband der Ersatzkassen zust\u00e4ndig.<\/p>\n","protected":false},"excerpt":{"rendered":"<p>v.l.n.r.: Melanie Foos (DAK-Chefin), Rainer Hehl (Blaues Kreuz Landau), Alisa Schell (DAK) Geldspritze f\u00fcr einen guten Zweck: Die DAK-Gesundheit in Landau unterst\u00fctzt die Arbeit der Selbsthilfegruppe Freundeskreis Blaues Kreuz in Landau mit 1359,00 Euro. Mit der F\u00f6rderung der Krankenkasse m\u00f6chte die Selbsthilfegruppe ihr erfolgreiches Projekt \u201eBlaue Huddel\u201c Pr\u00e4ventionsarbeit auf Weinfesten und in Schulen fortf\u00fchren. \u201eWir [&hellip;]<\/p>\n","protected":false},"author":1,"featured_media":0,"parent":0,"menu_order":0,"comment_status":"closed","ping_status":"closed","template":"","meta":{"_mc_calendar":[],"footnotes":""},"class_list":["post-1044","page","type-page","status-publish","hentry","post"],"_links":{"self":[{"href":"https:\/\/blaues-kreuz-pfalz.de\/index.php?rest_route=\/wp\/v2\/pages\/1044","targetHints":{"allow":["GET"]}}],"collection":[{"href":"https:\/\/blaues-kreuz-pfalz.de\/index.php?rest_route=\/wp\/v2\/pages"}],"about":[{"href":"https:\/\/blaues-kreuz-pfalz.de\/index.php?rest_route=\/wp\/v2\/types\/page"}],"author":[{"embeddable":true,"href":"https:\/\/blaues-kreuz-pfalz.de\/index.php?rest_route=\/wp\/v2\/users\/1"}],"replies":[{"embeddable":true,"href":"https:\/\/blaues-kreuz-pfalz.de\/index.php?rest_route=%2Fwp%2Fv2%2Fcomments&post=1044"}],"version-history":[{"count":2,"href":"https:\/\/blaues-kreuz-pfalz.de\/index.php?rest_route=\/wp\/v2\/pages\/1044\/revisions"}],"predecessor-version":[{"id":1049,"href":"https:\/\/blaues-kreuz-pfalz.de\/index.php?rest_route=\/wp\/v2\/pages\/1044\/revisions\/1049"}],"wp:attachment":[{"href":"https:\/\/blaues-kreuz-pfalz.de\/index.php?rest_route=%2Fwp%2Fv2%2Fmedia&parent=1044"}],"curies":[{"name":"wp","href":"https:\/\/api.w.org\/{rel}","templated":true}]}}